pose 9*o + 4*o - 52 = 0. What is the greatest common divisor of p and o?
4
Suppose 4 = -4*f - 16. Let k be 2/f + 454/10. Suppose 3*t - 3*p - 36 = 0, 0 = 3*t + 4*p - 2*p - 21. Calculate the highest common factor of k and t.
9
Suppose 7*g = 2*g + 30. Let f be (15/g + -2)*10. What is the highest common factor of 20 and f?
5
Suppose 2640 = 7*u + u. Calculate the highest common factor of 30 and u.
30
Suppose 2*m = 3*m + 5. Let o(w) = -w**2 - 17*w - 24*w - 6 + 30*w. Let t be o(m). What is the highest common divisor of t and 168?
24
Let q(d) = d**3 - d**2 - d. Let o be q(-1). Let k be 8*(-1 + o/(-2)). Let g = 6 - k. What is the greatest common factor of 40 and g?
10
Let x(p) = -2*p - 2. Let q be x(-3). What is the greatest common factor of 4 and q?
4
Let q(f) = -f**3 - 12*f**2 + 3*f - 22. Let s be q(-13). What is the greatest common divisor of 18 and s?
18
Suppose 64 = 2*c - 9*u + 5*u, 0 = 3*c - 3*u - 108. Calculate the greatest common factor of 10 and c.
10
Suppose 0 = -d + 4*d - 12. Suppose 2*p = d*k + 70, 2*k - 5 = k + 5*p. Let o be 1/4 + (-55)/k. Calculate the highest common factor of 27 and o.
3
Let c be ((-208)/40)/((-2)/5). What is the highest common factor of 52 and c?
13
Suppose -3*a - 2*p = 2*p + 158, 3*p = 5*a + 302. Let m be 9/((-9)/a) - 2. Calculate the greatest common factor of m and 8.
8
Suppose 2*j - 3*j - f = 10, -2*j - 20 = 5*f. Let w be j/(-4) + (-12)/8. What is the greatest common divisor of w and 7?
1
Let d be (42/(-9))/(3/(-45)). Suppose 10 = -2*n, -2*k + d = 3*k - 4*n. Calculate the greatest common divisor of k and 10.
10
Suppose -u - 4*u + 4*t = -83, 2*u - t - 32 = 0. Let m = u - -3. Calculate the greatest common factor of m and 12.
6
Suppose -21 = 2*x - 33. Calculate the highest common factor of x and 21.
3
Let d(x) = -x**3 - 10*x**2 + 11*x - 8. Let q be d(-11). Let v be q/(-12)*54/4. What is the highest common divisor of 45 and v?
9
Let w = -10 + 10. Let m be 17 + (w/(-3) - -3). Calculate the greatest common factor of 5 and m.
5
Let q be ((-44)/6)/((-3)/18). Calculate the highest common factor of q and 352.
44
Let z(m) = m**3 - 9*m**2 + 15*m - 4. Let k be z(7). Calculate the greatest common divisor of k and 6.
3
Suppose k - 12 = -2. Calculate the greatest common divisor of 5 and k.
5
Let b = -29 - -44. Let o(x) = x**3 + 5*x**2 - 3*x - 7. Let l be o(-5). Let i be (-4)/l - 21/(-2). What is the highest common divisor of i and b?
5
Suppose -5*i - 3 + 13 = 0. Suppose -14 = -i*c - 4. What is the greatest common divisor of c and 10?
5
Suppose -4*r = -o - 103, -r + 5*r = 2*o + 102. Calculate the greatest common divisor of 65 and r.
13
Suppose 0 = 5*n - n + w - 100, 4*w = n - 8. Let g(i) = 7 - 3 - i**2 + 2 - 4*i + i**3 - 2. Let d be g(4). Calculate the highest common divisor of d and n.
12
Suppose -3*w = u + w - 57, 2*u = 2*w + 84. Let l = 0 + 9. Calculate the greatest common divisor of l and u.
9
Let l = 0 - -1. Let n(b) = 2*b + 31. Let r be n(-13). What is the greatest common divisor of l and r?
1
Suppose 3*d - 360 = -2*s - s, -d = 4*s - 120. What is the highest common divisor of d and 15?
15
Suppose 3*w - m - 16 = 0, 2*w - m - 11 = -0*m. Suppose 0 = -5*z + 43 - 18. Suppose z*q - 4 - 1 = 0. Calculate the greatest common factor of q and w.
1
Let o = -5 - 13. Suppose 5*t + 62 = 2*n, 1 = t + 4*n + 9. Let a = t - o. What is the highest common factor of 66 and a?
6
Let i be 1*1/(-2)*-12. Suppose 12*b - 5*b - 210 = 0. What is the greatest common divisor of i and b?
6
Let d = 23 + 46. What is the highest common divisor of 23 and d?
23
Let r = 71 - 32. What is the highest common factor of r and 156?
39
Let i be (28/(-16))/((-1)/12). Calculate the greatest common divisor of i and 3.
3
Suppose 0 = -2*u - u + 12. Suppose d = -u*d + 210. Let b(m) = 2*m**2 - 4*m - 2. Let k be b(5). What is the greatest common divisor of k and d?
14
Let m = 270 + -482. Let l = -68 - m. Suppose -d + 5*d - l = 0. Calculate the greatest common factor of 9 and d.
9
Let t = 15 + -7. Suppose 0 = -3*o - o + t. Let a be (-1)/4 - (-26)/8. Calculate the greatest common factor of a and o.
1
Let g(n) = -7*n + 14. Let f(b) = 1. Let d(a) = -4*f(a) - g(a). Let h be d(14). What is the highest common factor of h and 10?
10
Suppose 8 - 3 = -2*d - 3*u, -4*d + 3*u = -35. Suppose i = -0 + d. Calculate the highest common divisor of i and 5.
5
Suppose -5*p + 1145 = 5*l, -2*l + 334 = -4*p - 136. Calculate the highest common factor of 21 and l.
21
Let d(c) = c**3 + 10*c**2 - 12*c + 11. Let x be d(-11). Calculate the highest common factor of x and 2.
2
Suppose 4*b - 56 = -4*u - 0*u, 4*b - 52 = -5*u. Calculate the highest common factor of 126 and b.
18
Let n(y) = -208*y**3 - 2*y**2 + 1. Let z be n(-1). What is the highest common factor of z and 23?
23
Let l(a) = a**3 + 8*a**2 + 5*a - 9. Let v be l(-7). Suppose 0 = v*x - 2*y - 40, 3*y + 20 = 4*x - y. Calculate the greatest common factor of x and 4.
2
Let i = 338 - 266. Let j = -17 + 26. Calculate the greatest common factor of i and j.
9
Suppose h - 2*i - 55 = -4*h, 5*i = -5*h + 55. Let b be (-1226)/(-6) - 2/6. Let d = -127 + b. What is the greatest common divisor of h and d?
11
Let h be (0 + -1)*-2 + -2. Suppose h*l = 5*l + 2*x - 39, l - x - 5 = 0. What is the greatest common factor of 14 and l?
7
Let j be (16/6)/(9/(-27)). Let b be (1 - -1)*19/(-2). Let o = j - b. What is the greatest common divisor of 55 and o?
11
Let d = -13 - -23. Calculate the greatest common factor of d and 50.
10
Suppose -3 - 1 = -4*y. Let m(f) = f + 4 - 5 + 12*f. Let o be m(y). What is the highest common factor of o and 36?
12
Suppose -w + 13 = 3*y, -w + 1 = -y - 0*y. Calculate the highest common divisor of 12 and w.
4
Suppose -3*t + 6 + 0 = 0. Let o(w) = -2*w + 18. Let y be o(8). Calculate the greatest common factor of t and y.
2
Suppose 0*o = 2*o - 40. Suppose 3*r - 66 + o = -2*t, -t - 49 = -3*r. Calculate the greatest common divisor of 4 and r.
4
Let c(q) = 0*q - 5 + 0 + 2*q. Let l be c(11). Suppose 2*o - 270 = 104. What is the highest common divisor of o and l?
17
Let k = -2 - -8. Let z = 8 - k. Suppose q = z*q - 5. Calculate the greatest common factor of 25 and q.
5
Suppose b + b + 5*p + 9 = 0, 2*p - 10 = 0. Let h = 33 + b. Calculate the highest common factor of h and 2.
2
Let u be (18/6)/(2/26). What is the greatest common divisor of 3 and u?
3
Let f be (-3 + -3)*(-15)/2. Let b be 3*3*20/6. Calculate the highest common factor of b and f.
15
Suppose -1416 = -5*a + 859. Suppose 5*i + 5*n = a, 2*i - 3*n - 243 = -i. Suppose i = 3*u + 14. Calculate the highest common divisor of 8 and u.
8
Let d = -69 - -173. What is the highest common divisor of 13 and d?
13
Suppose -9 = 5*o - 109. What is the highest common divisor of o and 10?
10
Let p(t) = 4*t**2 + 3*t**2 - 2*t**2 + 3*t**2. Let u be p(1). Let h = -18 - -58. What is the greatest common factor of u and h?
8
Let z be 2/(4 + -2) - -19. What is the greatest common factor of z and 4?
4
Let o = -79 + 123. Let c be 0/(-2) + (1 - -5). Suppose -c - 104 = -w. What is the highest common factor of w and o?
22
Suppose 0 = 4*v + 3*q + 42, -2*v - 2*v - 40 = 4*q. Let i be 1 + (-3)/v*0. What is the highest common factor of 1 and i?
1
Suppose 4*f - 28 = 5*q, 0 = 6*f - 2*f - q - 44. Let j = -8 + 11. Suppose -4*y - j*l + 12 = -19, -y + 29 = 5*l. Calculate the greatest common divisor of f and y.
4
Let b = 128 - -92. What is the highest common divisor of b and 44?
44
Let l(g) = 85*g + 6. Let d be l(2). Let a(b) = -4*b - 2. Let w be a(-6). What is the greatest common divisor of d and w?
22
Let i = -14 + 23. Let d = i + 9. What is the highest common factor of 9 and d?
9
Let w(h) = -h**2 - 3*h - 2. Let i be w(-3). Let z = 5 + i. Suppose v - z*v = -108. What is the highest common divisor of 6 and v?
6
Suppose 0*i - 360 = 5*i. Let s = -89 - -225. Let y = s + i. What is the greatest common divisor of 8 and y?
8
Let o be ((-60)/9)/((-2)/12). Let b = o - 27. Let i(l) = l + 52. Let x be i(0). What is the highest common divisor of b and x?
13
Let c be 112/(-40)*(-1 + -39). Calculate the highest common factor of c and 14.
14
Let a(k) = -k**2 - 4*k - 3. Let l be a(-3). Let j = 0 + l. Suppose -1 = -c - j. Calculate the highest common factor of c and 7.
1
Suppose 0 = l - 5*l + 12. Calculate the greatest common factor of 15 and l.
3
Suppose -2